n base 7, what is 3 + 433412?
433415
In base 6, what is 1 - 144122?
-144121
In base 2, what is -1101101101 + -100101?
-1110010010
In base 14, what is 1053 + -4d3?
960
In base 10, what is 0 - -159731?
159731
In base 5, what is 10 - -442343?
442403
In base 14, what is -2 - -a9a8?
a9a6
In base 13, what is -38701b + 3?
-387018
In base 13, what is 4 - -294408?
29440c
In base 9, what is -751 + 4466?
3615
In base 16, what is -1f4 + -189?
-37d
In base 11, what is 3145 + -5?
3140
In base 3, what is -1000012212 - 1212?
-1000021201
In base 6, what is -4 + 44010111?
44010103
In base 11, what is 2 + 323a3?
323a5
In base 14, what is 7b2 - 32?
780
In base 8, what is 1031 - -1045?
2076
In base 3, what is 11021111220 + -20?
11021111200
In base 7, what is 5 + 6620?
6625
In base 2, what is -110 - 1110100100111000?
-1110100100111110
In base 5, what is -411 - -12001?
11040
In base 3, what is 11 + 2012222211121?
2012222211202
In base 7, what is 2166232 + -3?
2166226
In base 15, what is -10 - 2e43?
-2e53
In base 3, what is 111 + 11120112?
11121000
In base 16, what is 27658 + 2?
2765a
In base 16, what is -2fd + c0?
-23d
In base 16, what is c + -203?
-1f7
In base 11, what is 11 - 22040?
-2202a
In base 4, what is -222 - 223200?
-230022
In base 8, what is 47 + -36274?
-36225
In base 12, what is 2 - -5836?
5838
In base 4, what is 230 - -10311101?
10311331
In base 10, what is -4 - 33?
-37
In base 9, what is 68 - -51?
130
In base 11, what is 251 + -14?
238
In base 8, what is 5733 - 307?
5424
In base 8, what is 2632 - 70?
2542
In base 5, what is -142402134 - -4?
-142402130
In base 4, what is 1 + -10122203?
-10122202
In base 11, what is 6 - -379017?
379022
In base 11, what is -60175 - 3?
-60178
In base 6, what is 210 - -154510?
155120
In base 16, what is 13b4 - 131?
1283
In base 16, what is -26a - 102?
-36c
In base 5, what is 10 - 2124323?
-2124313
In base 12, what is 3a5 - -a3?
488
In base 9, what is -4 + -474636?
-474641
In base 15, what is 2c686 - 1?
2c685
In base 7, what is 322 + 330?
652
In base 16, what is 4e8 - 65?
483
In base 9, what is 310 + 384?
704
In base 3, what is -1020 + -1021200212?
-1021202002
In base 12, what is -594756 + -5?
-59475b
In base 2, what is 100111001 - 1100111?
11010010
In base 15, what is 1b51a - -1d?
1b538
In base 2, what is -1100001010001 + 11?
-1100001001110
In base 13, what is 180b - -10?
181b
In base 2, what is -111001 + -1011011111011?
-1011100110100
In base 13, what is -123 - -927?
804
In base 2, what is 11 + 1010000011011001000?
1010000011011001011
In base 6, what is -1445 - -1034?
-411
In base 3, what is 112010 + -1112?
110121
In base 6, what is -331 - 1051?
-1422
In base 5, what is 134301331 - -3?
134301334
In base 8, what is 1356603 + 1?
1356604
In base 7, what is 5 + -5164?
-5156
In base 16, what is -c52 - -26?
-c2c
In base 4, what is 1222202 - 200?
1222002
In base 5, what is -3 - -13432020?
13432012
In base 8, what is 712 - 502?
210
In base 16, what is 69 - -29b8?
2a21
In base 9, what is -125766 - 67?
-125844
In base 5, what is 134 + 13243?
13432
In base 12, what is -237a - -5?
-2375
In base 16, what is -36 + 86c?
836
In base 4, what is -20232 - -2010?
-12222
In base 15, what is 1 - 13ae?
-13ad
In base 13, what is -9 - -1490?
1484
In base 7, what is 3 - -1154566?
1154602
In base 3, what is 212 + -1012120110?
-1012112121
In base 16, what is 45d + 5?
462
In base 4, what is -2120 - -1133?
-321
In base 6, what is 2 - -211144?
211150
In base 5, what is 10 + 2102?
2112
In base 8, what is -13 + -706767?
-707002
In base 7, what is -645 - 22?
-1000
In base 4, what is 121033 - -213?
121312
In base 9, what is -812 + 216?
-585
In base 3, what is -11002102 + -10010101?
-21012210
In base 8, what is -3346 + 4622?
1254
In base 10, what is 15158 + 3?
15161
In base 4, what is -31330 + 103?
-31221
In base 16, what is -569939 - -3?
-569936
In base 5, what is 3033412 + -10?
3033402
In base 10, what is 3 + -17310?
-17307
In base 6, what is -34553 - 3?
-35000
In base 4, what is -13032001223 - -3?
-13032001220
In base 13, what is -197 + 1027?
b60
In base 16, what is 6d6 - -12?
6e8
In base 7, what is 51 - 132031?
-131650
In base 10, what is 9 - 184231?
-184222
In base 3, what is -1220011 - 12100?
-2002111
In base 4, what is -2320133 + -1?
-2320200
In base 8, what is 1 - -353105?
353106
In base 12, what is a951 + -2a?
a923
In base 5, what is 412 + 100011?
100423
In base 13, what is 1 + -12b09?
-12b08
In base 8, what is -135544 + 23?
-135521
In base 5, what is -32 - -102002?
101420
In base 5, what is -2440 + 10323?
2333
In base 14, what is 70b6 + -29?
708b
In base 2, what is -110100110110111 + 10?
-110100110110101
In base 5, what is 31241123 - -4?
31241132
In base 3, what is 210211 + -1001020?
-20102
In base 11, what is -4 - 18a3a?
-18a43
In base 16, what is 165 + -8c?
d9
In base 16, what is 7 - 42fe1?
-42fda
In base 15, what is 6105d2 + -4?
6105cd
In base 9, what is -54261 - 0?
-54261
In base 11, what is -2 - 10486?
-10488
In base 8, what is 3 + 45374?
45377
In base 11, what is 2 + -10a82?
-10a80
In base 6, what is -1252322 + -5?
-1252331
In base 3, what is -202010 - -10?
-202000
In base 16, what is -4 - -72c7?
72c3
In base 7, what is -2512 + -140?
-2652
In base 15, what is 724 + 34?
758
In base 13, what is 3 + 1ca1b?
1ca21
In base 3, what is -2 - 102111000211?
-102111000220
In base 15, what is 262 + -42ec?
-408a
In base 9, what is 102 + -21?
71
In base 4, what is 1 + 1211021122?
1211021123
In base 5, what is 10301 + -12?
10234
In base 11, what is -1 - 104051?
-104052
In base 14, what is -1bb341 - 0?
-1bb341
In base 13, what is -66bbb + -5?
-66bc3
In base 12, what is -4b7ab2 + -1?
-4b7ab3
In base 7, what is -2516641 - 2?
-2516643
In base 10, what is -211 - 12540?
-12751
In base 5, what is 43 - 100044?
-100001
In base 5, what is 13 - 2424341?
-2424323
In base 6, what is -101501204 - 1?
-101501205
In base 5, what is -1 + 312230?
312224
In base 11, what is -3 + -55a7?
-55aa
In base 15, what is 1d17 - 3?
1d14
In base 13, what is -4 + 3594?
3590
In base 5, what is -4 + -241144013?
-241144022
In base 8, what is 10170 + -10?
10160
In base 4, what is 3 - 1030001020?
-1030001011
In base 6, what is 32 - -303100?
303132
In base 8, what is 56 + -5105?
-5027
In base 5, what is 120 + 4021420?
4022040
In base 6, what is 3 - 253030?
-253023
In base 5, what is 132003 + -124?
131324
In base 5, what is 10 + 1301240?
1301300
In base 7, what is -404633 - -6?
-404624
In base 2, what is -1101110100 + -10000011011?
-11110001111
In base 10, what is -3484 - -7?
-3477
In base 8, what is -364 - -1750?
1364
In base 13, what is 40a0 - 0?
40a0
In base 3, what is 0 + 22212211?
22212211
In base 14, what is 3230 - 11?
321d
In base 2, what is -100101110100110101 + -1000?
-100101110100111101
In base 14, what is 122 + -79d?
-67b
In base 7, what is 322664 - -1?
322665
In base 3, what is -1020120 - 22011?
-1112201
In base 10, what is -4 - 13066?
-13070
In base 10, what is -4 - 1516498?
-1516502
In base 16, what is 5 - -2f5f?
2f64
In base 5, what is 3 + 410022?
410030
In base 6, what is -150200 + 11?
-150145
In base 3, what is -111 - -222010201?
222010020
In base 6, what is -242 + 35110?
34424
In base 4, what is -10122020331 + 1?
-10122020330
In base 9, what is -114 - -506?
382
In base 12, what is -113319 + -2?
-11331b
In base 12, what is 59a + -26?
574
In base 13, what is -b + -5a26?
-5a34
In base 2, what is -1 - 101100010110101010?
-101100010110101011
In base 14, what is -176 + 14a?
-2a
In base 9, what is -4 + 21652?
21647
In base 11, what is 453293 + 4?
453297
In base 10, what is -39 + 7985?
7946
In base 2, what is -1100101 + -10111011?
-100100000
In base 12, what is -26a2 + 110?
-2592
In base 12, what is -5a - -b065?
b007
In base 8, what is -10 + 52222?
52212
In base 16, what is -e4 + -b25?
-c09
In base 11, what is -5 - -57643?
57639
In base 7, what is 303 + -2513?
-2210
In base 12, what is 106a0 - 8a?
10612
In base 4, what is 20 + -102113030?
-102113010
In base 2, what is 11010 - -11000000001?
11000011011
In base 14, what is -15c1a + 5?
-15c15
In base 7, what is -15402664 - -2?
-15402662
In base 6, what is 442 + -1412?
-530
In base 13, what is -8 + 753?
748
In base 6, what is 33555 + 4?
34003
In base 13, what is -b53a + 1?
-b539
In base 6, what is -24 + 23134?
23110
In base 12, what is 